{"id":1041,"date":"2026-08-27T15:25:04","date_gmt":"2026-08-27T15:25:04","guid":{"rendered":"https:\/\/e-fouche.fr\/?post_type=project&#038;p=1041"},"modified":"2026-08-27T15:25:04","modified_gmt":"2026-08-27T15:25:04","slug":"librairie","status":"publish","type":"project","link":"https:\/\/e-fouche.fr\/index.php\/project\/librairie\/","title":{"rendered":"Librairie"},"content":{"rendered":"<p>[et_pb_section fb_built=\u00a0\u00bb1&Prime; _builder_version=\u00a0\u00bb4.27.5&Prime; _module_preset=\u00a0\u00bbdefault\u00a0\u00bb background_color=\u00a0\u00bb#000000&Prime; background_enable_image=\u00a0\u00bboff\u00a0\u00bb custom_padding=\u00a0\u00bb0px||0px|||\u00a0\u00bb global_colors_info=\u00a0\u00bb{}\u00a0\u00bb][et_pb_row make_equal=\u00a0\u00bbon\u00a0\u00bb _builder_version=\u00a0\u00bb4.27.5&Prime; _module_preset=\u00a0\u00bbdefault\u00a0\u00bb background_color=\u00a0\u00bbRGBA(255,255,255,0)\u00a0\u00bb width=\u00a0\u00bb100%\u00a0\u00bb max_width=\u00a0\u00bb1105px\u00a0\u00bb module_alignment=\u00a0\u00bbcenter\u00a0\u00bb custom_margin=\u00a0\u00bb|-175px||536px||\u00a0\u00bb custom_padding=\u00a0\u00bb||22px|||\u00a0\u00bb global_colors_info=\u00a0\u00bb{}\u00a0\u00bb][et_pb_column type=\u00a0\u00bb4_4&Prime; _builder_version=\u00a0\u00bb4.27.5&Prime; _module_preset=\u00a0\u00bbdefault\u00a0\u00bb global_colors_info=\u00a0\u00bb{}\u00a0\u00bb][et_pb_heading title=\u00a0\u00bbLibrairie %22LE BASILIC%22&Prime; _builder_version=\u00a0\u00bb4.27.5&Prime; _module_preset=\u00a0\u00bbdefault\u00a0\u00bb title_text_color=\u00a0\u00bb#FFFFFF\u00a0\u00bb custom_padding=\u00a0\u00bb0px||0px|||\u00a0\u00bb hover_enabled=\u00a0\u00bb0&Prime; global_colors_info=\u00a0\u00bb{}\u00a0\u00bb sticky_enabled=\u00a0\u00bb0&Prime;][\/et_pb_heading][\/et_pb_column][\/et_pb_row][\/et_pb_section][et_pb_section fb_built=\u00a0\u00bb1&Prime; _builder_version=\u00a0\u00bb4.27.5&Prime; _module_preset=\u00a0\u00bbdefault\u00a0\u00bb background_color=\u00a0\u00bbRGBA(255,255,255,0)\u00a0\u00bb background_enable_image=\u00a0\u00bboff\u00a0\u00bb custom_padding=\u00a0\u00bb0px||0px|||\u00a0\u00bb global_colors_info=\u00a0\u00bb{}\u00a0\u00bb][et_pb_row column_structure=\u00a0\u00bb2_5,3_5&Prime; make_equal=\u00a0\u00bbon\u00a0\u00bb _builder_version=\u00a0\u00bb4.27.5&Prime; _module_preset=\u00a0\u00bbdefault\u00a0\u00bb background_color=\u00a0\u00bb#FFFFFF\u00a0\u00bb width=\u00a0\u00bb100%\u00a0\u00bb max_width=\u00a0\u00bb1105px\u00a0\u00bb module_alignment=\u00a0\u00bbcenter\u00a0\u00bb custom_margin=\u00a0\u00bb|-175px||536px||\u00a0\u00bb custom_padding=\u00a0\u00bb||53px|||\u00a0\u00bb global_colors_info=\u00a0\u00bb{}\u00a0\u00bb][et_pb_column type=\u00a0\u00bb2_5&Prime; _builder_version=\u00a0\u00bb4.27.5&Prime; _module_preset=\u00a0\u00bbdefault\u00a0\u00bb global_colors_info=\u00a0\u00bb{}\u00a0\u00bb][et_pb_text _builder_version=\u00a0\u00bb4.27.5&Prime; _module_preset=\u00a0\u00bbdefault\u00a0\u00bb text_text_color=\u00a0\u00bbrgba(255,255,255,0.85)\u00a0\u00bb width=\u00a0\u00bb91.8%\u00a0\u00bb custom_padding=\u00a0\u00bb|5px|30px|9px||\u00a0\u00bb global_colors_info=\u00a0\u00bb{}\u00a0\u00bb]<\/p>\n<p><span style=\"color: #808080;\"><b>Ma\u00eetre d\u2019Ouvrage : <\/b><\/span><\/p>\n<p><span style=\"color: #808080;\">Librairie LE BASILIC<\/span><\/p>\n<p><span style=\"color: #808080;\"><b>Contenu de la mission :<\/b><\/span><\/p>\n<p><span style=\"color: #808080;\">R\u00e9novation d\u2019un local commercial<br \/><\/span><\/p>\n<p><span style=\"color: #808080;\"><strong>Surface r\u00e9habilit\u00e9e :<\/strong> 130m\u00b2<\/span><\/p>\n<p><b style=\"color: #808080; font-size: 14px;\">Montant des travaux : <\/b><span style=\"color: #808080; font-size: 14px;\">105 K\u20ac HT<\/span><\/p>\n<p><span style=\"color: #808080;\"><b>Livraison : <\/b>Septembre 2022<\/span><\/p>\n<p>[\/et_pb_text][et_pb_text _builder_version=\u00a0\u00bb4.27.5&Prime; _module_preset=\u00a0\u00bbdefault\u00a0\u00bb text_text_color=\u00a0\u00bbrgba(255,255,255,0.85)\u00a0\u00bb background_color=\u00a0\u00bb#000000&Prime; width=\u00a0\u00bb91.8%\u00a0\u00bb custom_margin=\u00a0\u00bb19px|||||\u00a0\u00bb custom_padding=\u00a0\u00bb|5px|0px|9px||\u00a0\u00bb global_colors_info=\u00a0\u00bb{}\u00a0\u00bb]<\/p>\n<h2><span style=\"color: #ffffff;\"><\/span><\/h2>\n<h2><span style=\"color: #ffffff;\">Particularit\u00e9 du projet <\/span><\/h2>\n<ul>\n<li>\n<p>R\u00e9novation en b\u00e2timent historique<\/p>\n<\/li>\n<li>\n<p>Etude et r\u00e9alisation en seulement 5 mois<\/p>\n<\/li>\n<\/ul>\n<p>&nbsp;<\/p>\n<p>[\/et_pb_text][et_pb_text _builder_version=\u00a0\u00bb4.27.5&Prime; _module_preset=\u00a0\u00bbdefault\u00a0\u00bb text_text_color=\u00a0\u00bbrgba(255,255,255,0.85)\u00a0\u00bb width=\u00a0\u00bb91.8%\u00a0\u00bb custom_margin=\u00a0\u00bb35px|||||\u00a0\u00bb custom_padding=\u00a0\u00bb|5px|30px|9px||\u00a0\u00bb global_colors_info=\u00a0\u00bb{}\u00a0\u00bb]<\/p>\n<p><span style=\"color: #808080;\">Le local commercial, situ\u00e9 en rez-de-chauss\u00e9e \u00e0 l&rsquo;angle des rues du Mirail et Saint-Fran\u00e7ois, prend place au pied de l&rsquo;h\u00f4tel Saint-Fran\u00e7ois (ou h\u00f4tel de la Perle), \u00e9difice construit au milieu du XIX\u1d49 si\u00e8cle par Antoine Th\u00e9odore Audubert. Class\u00e9 monument historique depuis 2013 et r\u00e9nov\u00e9 en 2019, il constitue un t\u00e9moignage remarquable de l&rsquo;habitat collectif bordelais.<\/span><\/p>\n<p><span style=\"color: #808080;\">Le b\u00e2timent est compos\u00e9 de fa\u00e7ades en pierre de taille calcaire d&rsquo;environ 70 cm d&rsquo;\u00e9paisseur. Les menuiseries bois d&rsquo;origine \u00e9taient conserv\u00e9es, tandis que l&rsquo;int\u00e9rieur pr\u00e9sentait des rev\u00eatements tr\u00e8s d\u00e9grad\u00e9s et des tassements du sol, malgr\u00e9 des planchers anciens globalement en bon \u00e9tat.<\/span><\/p>\n<p><span style=\"color: #808080;\">Les travaux ont compris la d\u00e9pose des cloisonnements, \u00e9quipements sanitaires, rev\u00eatements compris chape, puis la r\u00e9alisation d&rsquo;une chape s\u00e8che rapport\u00e9e en panneaux embo\u00eet\u00e9s, des r\u00e9seaux de plomberie et d&rsquo;\u00e9lectricit\u00e9, des sanitaires, des peintures et des finitions. <\/span><br \/><span style=\"color: #808080;\">La partie commerciale a \u00e9t\u00e9 enti\u00e8rement r\u00e9am\u00e9nag\u00e9e avec une nouvelle porte d\u2019entr\u00e9e, un parquet contrecoll\u00e9 en ch\u00eane, un faux plafond repens\u00e9 avec cr\u00e9ation d&rsquo;une partie surbaiss\u00e9e au centre du local en accord avec les nouveaux am\u00e9nagements mobilier et un nouvel \u00e9clairage int\u00e9gr\u00e9.<\/span><\/p>\n<p><span style=\"color: #808080;\">Apr\u00e8s cinq mois d&rsquo;\u00e9tudes et de travaux, la librairie a ouvert ses portes \u00e0 l&rsquo;automne 2022.<\/span><\/p>\n<p>&nbsp;<\/p>\n<p><span style=\"color: #808080;\">\u00a0<\/span><\/p>\n<p>[\/et_pb_text][\/et_pb_column][et_pb_column type=\u00a0\u00bb3_5&Prime; _builder_version=\u00a0\u00bb4.27.5&Prime; _module_preset=\u00a0\u00bbdefault\u00a0\u00bb transform_translate_linked=\u00a0\u00bboff\u00a0\u00bb transform_origin=\u00a0\u00bb0%|50%\u00a0\u00bb global_colors_info=\u00a0\u00bb{}\u00a0\u00bb][et_pb_image src=\u00a0\u00bbhttps:\/\/e-fouche.fr\/wp-content\/uploads\/2026\/08\/p1010089-min.kBVMb216lO.jpg\u00a0\u00bb title_text=\u00a0\u00bbp1010089-min.kBVMb216lO\u00a0\u00bb _builder_version=\u00a0\u00bb4.27.5&Prime; _module_preset=\u00a0\u00bbdefault\u00a0\u00bb width=\u00a0\u00bb100%\u00a0\u00bb hover_enabled=\u00a0\u00bb0&Prime; global_colors_info=\u00a0\u00bb{}\u00a0\u00bb sticky_enabled=\u00a0\u00bb0&Prime;][\/et_pb_image][et_pb_image src=\u00a0\u00bbhttps:\/\/e-fouche.fr\/wp-content\/uploads\/2026\/08\/p1010106.Gc9ajtr0oc.jpg\u00a0\u00bb title_text=\u00a0\u00bbp1010106.Gc9ajtr0oc\u00a0\u00bb _builder_version=\u00a0\u00bb4.27.5&Prime; _module_preset=\u00a0\u00bbdefault\u00a0\u00bb width=\u00a0\u00bb100%\u00a0\u00bb hover_enabled=\u00a0\u00bb0&Prime; global_colors_info=\u00a0\u00bb{}\u00a0\u00bb sticky_enabled=\u00a0\u00bb0&Prime;][\/et_pb_image][et_pb_image src=\u00a0\u00bbhttps:\/\/e-fouche.fr\/wp-content\/uploads\/2026\/08\/p1010120.hnlE8LdtCp.jpg\u00a0\u00bb title_text=\u00a0\u00bbp1010120.hnlE8LdtCp\u00a0\u00bb _builder_version=\u00a0\u00bb4.27.5&Prime; _module_preset=\u00a0\u00bbdefault\u00a0\u00bb width=\u00a0\u00bb100%\u00a0\u00bb hover_enabled=\u00a0\u00bb0&Prime; global_colors_info=\u00a0\u00bb{}\u00a0\u00bb sticky_enabled=\u00a0\u00bb0&Prime;][\/et_pb_image][et_pb_image src=\u00a0\u00bbhttps:\/\/e-fouche.fr\/wp-content\/uploads\/2026\/08\/p1010142-min.1gMnF6C6Il.jpg\u00a0\u00bb title_text=\u00a0\u00bbp1010142-min.1gMnF6C6Il\u00a0\u00bb _builder_version=\u00a0\u00bb4.27.5&Prime; _module_preset=\u00a0\u00bbdefault\u00a0\u00bb width=\u00a0\u00bb100%\u00a0\u00bb hover_enabled=\u00a0\u00bb0&Prime; global_colors_info=\u00a0\u00bb{}\u00a0\u00bb sticky_enabled=\u00a0\u00bb0&Prime;][\/et_pb_image][et_pb_image src=\u00a0\u00bbhttps:\/\/e-fouche.fr\/wp-content\/uploads\/2026\/02\/IMG_20221003_104734-scaled.jpg\u00a0\u00bb title_text=\u00a0\u00bbIMG_20221003_104734&Prime; _builder_version=\u00a0\u00bb4.27.5&Prime; _module_preset=\u00a0\u00bbdefault\u00a0\u00bb width=\u00a0\u00bb100%\u00a0\u00bb hover_enabled=\u00a0\u00bb0&Prime; global_colors_info=\u00a0\u00bb{}\u00a0\u00bb sticky_enabled=\u00a0\u00bb0&Prime;][\/et_pb_image][\/et_pb_column][\/et_pb_row][\/et_pb_section]<\/p>\n","protected":false},"excerpt":{"rendered":"<p>Ma\u00eetre d\u2019Ouvrage : Librairie LE BASILIC Contenu de la mission : R\u00e9novation d\u2019un local commercial Surface r\u00e9habilit\u00e9e : 130m\u00b2 Montant des travaux : 105 K\u20ac HT Livraison : Septembre 2022 Particularit\u00e9 du projet R\u00e9novation en b\u00e2timent historique Etude et r\u00e9alisation en seulement 5 mois &nbsp;Le local commercial, situ\u00e9 en rez-de-chauss\u00e9e \u00e0 l&rsquo;angle des rues du [&hellip;]<\/p>\n","protected":false},"author":2,"featured_media":0,"comment_status":"open","ping_status":"closed","template":"","meta":{"_et_pb_use_builder":"on","_et_pb_old_content":"","_et_gb_content_width":"","footnotes":""},"project_category":[],"project_tag":[],"class_list":["post-1041","project","type-project","status-publish","hentry"],"_links":{"self":[{"href":"https:\/\/e-fouche.fr\/index.php\/wp-json\/wp\/v2\/project\/1041","targetHints":{"allow":["GET"]}}],"collection":[{"href":"https:\/\/e-fouche.fr\/index.php\/wp-json\/wp\/v2\/project"}],"about":[{"href":"https:\/\/e-fouche.fr\/index.php\/wp-json\/wp\/v2\/types\/project"}],"author":[{"embeddable":true,"href":"https:\/\/e-fouche.fr\/index.php\/wp-json\/wp\/v2\/users\/2"}],"replies":[{"embeddable":true,"href":"https:\/\/e-fouche.fr\/index.php\/wp-json\/wp\/v2\/comments?post=1041"}],"version-history":[{"count":4,"href":"https:\/\/e-fouche.fr\/index.php\/wp-json\/wp\/v2\/project\/1041\/revisions"}],"predecessor-version":[{"id":1046,"href":"https:\/\/e-fouche.fr\/index.php\/wp-json\/wp\/v2\/project\/1041\/revisions\/1046"}],"wp:attachment":[{"href":"https:\/\/e-fouche.fr\/index.php\/wp-json\/wp\/v2\/media?parent=1041"}],"wp:term":[{"taxonomy":"project_category","embeddable":true,"href":"https:\/\/e-fouche.fr\/index.php\/wp-json\/wp\/v2\/project_category?post=1041"},{"taxonomy":"project_tag","embeddable":true,"href":"https:\/\/e-fouche.fr\/index.php\/wp-json\/wp\/v2\/project_tag?post=1041"}],"curies":[{"name":"wp","href":"https:\/\/api.w.org\/{rel}","templated":true}]}}

<p>[et_pb_section fb_built= »1&Prime; _builder_version= »4.27.5&Prime; _module_preset= »default » background_color= »#000000&Prime; background_enable_image= »off » custom_padding= »0px||0px||| » global_colors_info= »{} »][et_pb_row make_equal= »on » _builder_version= »4.27.5&Prime; _module_preset= »default » background_color= »RGBA(255,255,255,0) » width= »100% » max_width= »1105px » module_alignment= »center » custom_margin= »|-175px||536px|| » custom_padding= »||22px||| » global_colors_info= »{} »][et_pb_column type= »4_4&Prime; _builder_version= »4.27.5&Prime; _module_preset= »default » global_colors_info= »{} »][et_pb_heading title= »Librairie %22LE BASILIC%22&Prime; _builder_version= »4.27.5&Prime; _module_preset= »default » title_text_color= »#FFFFFF » custom_padding= »0px||0px||| » hover_enabled= »0&Prime; global_colors_info= »{} » sticky_enabled= »0&Prime;][/et_pb_heading][/et_pb_column][/et_pb_row][/et_pb_section][et_pb_section fb_built= »1&Prime; _builder_version= »4.27.5&Prime; _module_preset= »default » background_color= »RGBA(255,255,255,0) » background_enable_image= »off » custom_padding= »0px||0px||| » global_colors_info= »{} »][et_pb_row column_structure= »2_5,3_5&Prime; make_equal= »on » _builder_version= »4.27.5&Prime; _module_preset= »default » background_color= »#FFFFFF » width= »100% » max_width= »1105px » module_alignment= »center » custom_margin= »|-175px||536px|| » custom_padding= »||53px||| » global_colors_info= »{} »][et_pb_column type= »2_5&Prime; _builder_version= »4.27.5&Prime; _module_preset= »default » global_colors_info= »{} »][et_pb_text _builder_version= »4.27.5&Prime; _module_preset= »default » text_text_color= »rgba(255,255,255,0.85) » width= »91.8% » custom_padding= »|5px|30px|9px|| » global_colors_info= »{} »]</p>
<p><span style="color: #808080;"><b>Maître d’Ouvrage : </b></span></p>
<p><span style="color: #808080;">Librairie LE BASILIC</span></p>
<p><span style="color: #808080;"><b>Contenu de la mission :</b></span></p>
<p><span style="color: #808080;">Rénovation d’un local commercial<br /></span></p>
<p><span style="color: #808080;"><strong>Surface réhabilitée :</strong> 130m²</span></p>
<p><b style="color: #808080; font-size: 14px;">Montant des travaux : </b><span style="color: #808080; font-size: 14px;">105 K€ HT</span></p>
<p><span style="color: #808080;"><b>Livraison : </b>Septembre 2022</span></p>
<p>[/et_pb_text][et_pb_text _builder_version= »4.27.5&Prime; _module_preset= »default » text_text_color= »rgba(255,255,255,0.85) » background_color= »#000000&Prime; width= »91.8% » custom_margin= »19px||||| » custom_padding= »|5px|0px|9px|| » global_colors_info= »{} »]</p>
<h2><span style="color: #ffffff;"></span></h2>
<h2><span style="color: #ffffff;">Particularité du projet </span></h2>
<ul>
<li>
<p>Rénovation en bâtiment historique</p>
</li>
<li>
<p>Etude et réalisation en seulement 5 mois</p>
</li>
</ul>
<p>&nbsp;</p>
<p>[/et_pb_text][et_pb_text _builder_version= »4.27.5&Prime; _module_preset= »default » text_text_color= »rgba(255,255,255,0.85) » width= »91.8% » custom_margin= »35px||||| » custom_padding= »|5px|30px|9px|| » global_colors_info= »{} »]</p>
<p><span style="color: #808080;">Le local commercial, situé en rez-de-chaussée à l&rsquo;angle des rues du Mirail et Saint-François, prend place au pied de l&rsquo;hôtel Saint-François (ou hôtel de la Perle), édifice construit au milieu du XIXᵉ siècle par Antoine Théodore Audubert. Classé monument historique depuis 2013 et rénové en 2019, il constitue un témoignage remarquable de l&rsquo;habitat collectif bordelais.</span></p>
<p><span style="color: #808080;">Le bâtiment est composé de façades en pierre de taille calcaire d&rsquo;environ 70 cm d&rsquo;épaisseur. Les menuiseries bois d&rsquo;origine étaient conservées, tandis que l&rsquo;intérieur présentait des revêtements très dégradés et des tassements du sol, malgré des planchers anciens globalement en bon état.</span></p>
<p><span style="color: #808080;">Les travaux ont compris la dépose des cloisonnements, équipements sanitaires, revêtements compris chape, puis la réalisation d&rsquo;une chape sèche rapportée en panneaux emboîtés, des réseaux de plomberie et d&rsquo;électricité, des sanitaires, des peintures et des finitions. </span><br /><span style="color: #808080;">La partie commerciale a été entièrement réaménagée avec une nouvelle porte d’entrée, un parquet contrecollé en chêne, un faux plafond repensé avec création d&rsquo;une partie surbaissée au centre du local en accord avec les nouveaux aménagements mobilier et un nouvel éclairage intégré.</span></p>
<p><span style="color: #808080;">Après cinq mois d&rsquo;études et de travaux, la librairie a ouvert ses portes à l&rsquo;automne 2022.</span></p>
<p>&nbsp;</p>
<p><span style="color: #808080;"> </span></p>
<p>[/et_pb_text][/et_pb_column][et_pb_column type= »3_5&Prime; _builder_version= »4.27.5&Prime; _module_preset= »default » transform_translate_linked= »off » transform_origin= »0%|50% » global_colors_info= »{} »][et_pb_image src= »https://e-fouche.fr/wp-content/uploads/2026/08/p1010089-min.kBVMb216lO.jpg » title_text= »p1010089-min.kBVMb216lO » _builder_version= »4.27.5&Prime; _module_preset= »default » width= »100% » hover_enabled= »0&Prime; global_colors_info= »{} » sticky_enabled= »0&Prime;][/et_pb_image][et_pb_image src= »https://e-fouche.fr/wp-content/uploads/2026/08/p1010106.Gc9ajtr0oc.jpg » title_text= »p1010106.Gc9ajtr0oc » _builder_version= »4.27.5&Prime; _module_preset= »default » width= »100% » hover_enabled= »0&Prime; global_colors_info= »{} » sticky_enabled= »0&Prime;][/et_pb_image][et_pb_image src= »https://e-fouche.fr/wp-content/uploads/2026/08/p1010120.hnlE8LdtCp.jpg » title_text= »p1010120.hnlE8LdtCp » _builder_version= »4.27.5&Prime; _module_preset= »default » width= »100% » hover_enabled= »0&Prime; global_colors_info= »{} » sticky_enabled= »0&Prime;][/et_pb_image][et_pb_image src= »https://e-fouche.fr/wp-content/uploads/2026/08/p1010142-min.1gMnF6C6Il.jpg » title_text= »p1010142-min.1gMnF6C6Il » _builder_version= »4.27.5&Prime; _module_preset= »default » width= »100% » hover_enabled= »0&Prime; global_colors_info= »{} » sticky_enabled= »0&Prime;][/et_pb_image][et_pb_image src= »https://e-fouche.fr/wp-content/uploads/2026/02/IMG_20221003_104734-scaled.jpg » title_text= »IMG_20221003_104734&Prime; _builder_version= »4.27.5&Prime; _module_preset= »default » width= »100% » hover_enabled= »0&Prime; global_colors_info= »{} » sticky_enabled= »0&Prime;][/et_pb_image][/et_pb_column][/et_pb_row][/et_pb_section]</p>

<p>Maître d’Ouvrage : Librairie LE BASILIC Contenu de la mission : Rénovation d’un local commercial Surface réhabilitée : 130m² Montant des travaux : 105 K€ HT Livraison : Septembre 2022 Particularité du projet Rénovation en bâtiment historique Etude et réalisation en seulement 5 mois &nbsp;Le local commercial, situé en rez-de-chaussée à l&rsquo;angle des rues du [&hellip;]</p>
