{"id":1084,"date":"2026-08-28T10:24:01","date_gmt":"2026-08-28T10:24:01","guid":{"rendered":"https:\/\/e-fouche.fr\/?post_type=project&#038;p=1084"},"modified":"2026-08-28T10:24:45","modified_gmt":"2026-08-28T10:24:45","slug":"montesquieu","status":"publish","type":"project","link":"https:\/\/e-fouche.fr\/index.php\/project\/montesquieu\/","title":{"rendered":"Montesquieu"},"content":{"rendered":"<p>[et_pb_section fb_built=\u00a0\u00bb1&Prime; _builder_version=\u00a0\u00bb4.27.5&Prime; _module_preset=\u00a0\u00bbdefault\u00a0\u00bb background_color=\u00a0\u00bb#000000&Prime; background_enable_image=\u00a0\u00bboff\u00a0\u00bb custom_padding=\u00a0\u00bb0px||0px|||\u00a0\u00bb global_colors_info=\u00a0\u00bb{}\u00a0\u00bb][et_pb_row make_equal=\u00a0\u00bbon\u00a0\u00bb _builder_version=\u00a0\u00bb4.27.5&Prime; _module_preset=\u00a0\u00bbdefault\u00a0\u00bb background_color=\u00a0\u00bbRGBA(255,255,255,0)\u00a0\u00bb width=\u00a0\u00bb100%\u00a0\u00bb max_width=\u00a0\u00bb1105px\u00a0\u00bb module_alignment=\u00a0\u00bbcenter\u00a0\u00bb custom_margin=\u00a0\u00bb|-175px||536px||\u00a0\u00bb custom_padding=\u00a0\u00bb||22px|||\u00a0\u00bb global_colors_info=\u00a0\u00bb{}\u00a0\u00bb][et_pb_column type=\u00a0\u00bb4_4&Prime; _builder_version=\u00a0\u00bb4.27.5&Prime; _module_preset=\u00a0\u00bbdefault\u00a0\u00bb global_colors_info=\u00a0\u00bb{}\u00a0\u00bb][et_pb_heading title=\u00a0\u00bbLYCEE %22MONTESQUIEU%22&Prime; _builder_version=\u00a0\u00bb4.27.5&Prime; _module_preset=\u00a0\u00bbdefault\u00a0\u00bb title_text_color=\u00a0\u00bb#FFFFFF\u00a0\u00bb custom_padding=\u00a0\u00bb0px||0px|||\u00a0\u00bb hover_enabled=\u00a0\u00bb0&Prime; global_colors_info=\u00a0\u00bb{}\u00a0\u00bb sticky_enabled=\u00a0\u00bb0&Prime;][\/et_pb_heading][\/et_pb_column][\/et_pb_row][\/et_pb_section][et_pb_section fb_built=\u00a0\u00bb1&Prime; _builder_version=\u00a0\u00bb4.27.5&Prime; _module_preset=\u00a0\u00bbdefault\u00a0\u00bb background_color=\u00a0\u00bbRGBA(255,255,255,0)\u00a0\u00bb background_enable_image=\u00a0\u00bboff\u00a0\u00bb custom_padding=\u00a0\u00bb0px||0px|||\u00a0\u00bb global_colors_info=\u00a0\u00bb{}\u00a0\u00bb][et_pb_row column_structure=\u00a0\u00bb2_5,3_5&Prime; make_equal=\u00a0\u00bbon\u00a0\u00bb _builder_version=\u00a0\u00bb4.27.5&Prime; _module_preset=\u00a0\u00bbdefault\u00a0\u00bb background_color=\u00a0\u00bb#FFFFFF\u00a0\u00bb width=\u00a0\u00bb100%\u00a0\u00bb max_width=\u00a0\u00bb1105px\u00a0\u00bb module_alignment=\u00a0\u00bbcenter\u00a0\u00bb custom_margin=\u00a0\u00bb|-175px||536px||\u00a0\u00bb custom_padding=\u00a0\u00bb||53px|||\u00a0\u00bb global_colors_info=\u00a0\u00bb{}\u00a0\u00bb][et_pb_column type=\u00a0\u00bb2_5&Prime; _builder_version=\u00a0\u00bb4.27.5&Prime; _module_preset=\u00a0\u00bbdefault\u00a0\u00bb global_colors_info=\u00a0\u00bb{}\u00a0\u00bb][et_pb_text _builder_version=\u00a0\u00bb4.27.5&Prime; _module_preset=\u00a0\u00bbdefault\u00a0\u00bb text_text_color=\u00a0\u00bbrgba(255,255,255,0.85)\u00a0\u00bb width=\u00a0\u00bb91.8%\u00a0\u00bb custom_padding=\u00a0\u00bb|5px|30px|9px||\u00a0\u00bb global_colors_info=\u00a0\u00bb{}\u00a0\u00bb min_height=\u00a0\u00bb261.6px\u00a0\u00bb]<\/p>\n<p><span style=\"color: #808080;\"><b>Ma\u00eetre d\u2019Ouvrage : <\/b><\/span><\/p>\n<p><span style=\"color: #808080;\">C.R. Nouvelle-Aquitaine<br \/><\/span><\/p>\n<p><span style=\"color: #808080;\"><b>Contenu de la mission :<\/b><\/span><\/p>\n<p><span style=\"color: #808080;\">R\u00e9fection de toitures au lyc\u00e9e Montesquieu, Bordeaux<\/span>\u00a0<\/p>\n<p><span style=\"color: #808080;\"><strong>Surface r\u00e9habilit\u00e9e :<\/strong> 890m\u00b2<\/span><\/p>\n<p><b style=\"color: #808080; font-size: 14px;\">Montant des travaux : <\/b><span style=\"color: #808080;\">280<\/span><span style=\"color: #808080; font-size: 14px;\">\u00a0K\u20ac HT<\/span><\/p>\n<p><span style=\"color: #808080;\"><b>Livraison : <\/b>fin 2026 ( PRO en cours)<\/span><\/p>\n<p>[\/et_pb_text][et_pb_text _builder_version=\u00a0\u00bb4.27.5&Prime; _module_preset=\u00a0\u00bbdefault\u00a0\u00bb text_text_color=\u00a0\u00bbrgba(255,255,255,0.85)\u00a0\u00bb background_color=\u00a0\u00bb#000000&Prime; width=\u00a0\u00bb91.8%\u00a0\u00bb custom_margin=\u00a0\u00bb19px|||||\u00a0\u00bb custom_padding=\u00a0\u00bb|5px|0px|9px||\u00a0\u00bb global_colors_info=\u00a0\u00bb{}\u00a0\u00bb]<\/p>\n<h2><span style=\"color: #ffffff;\"><\/span><\/h2>\n<h2><span style=\"color: #ffffff;\">Particularit\u00e9 du projet <\/span><\/h2>\n<ul>\n<li>\n<p>Cr\u00e9ation d\u2019une sur-toiture en structure m\u00e9tallique sur terrasse technique haute<\/p>\n<\/li>\n<li>\n<p>Intervention en hauteur en milieu urbain dense et en Site Occup\u00e9<\/p>\n<\/li>\n<li>\n<p>Secteur de protection du Patrimoine de Bordeaux-centre<span style=\"font-size: 14px;\">\u00a0<\/span><\/p>\n<\/li>\n<\/ul>\n<p>[\/et_pb_text][et_pb_text _builder_version=\u00a0\u00bb4.27.5&Prime; _module_preset=\u00a0\u00bbdefault\u00a0\u00bb text_text_color=\u00a0\u00bbrgba(255,255,255,0.85)\u00a0\u00bb width=\u00a0\u00bb91.8%\u00a0\u00bb custom_margin=\u00a0\u00bb35px|||||\u00a0\u00bb custom_padding=\u00a0\u00bb|5px|30px|9px||\u00a0\u00bb global_colors_info=\u00a0\u00bb{}\u00a0\u00bb]<\/p>\n<p><span style=\"color: #808080;\">Le\u00a0lyc\u00e9e Montesquieu \u00e0 BORDEAUX situ\u00e9 dans le quartier du Jardin Public \u00e0 Bordeaux. Les b\u00e2timents sont implant\u00e9s sur deux \u00eelots s\u00e9par\u00e9s reli\u00e9s par une passerelle. le b\u00e2timent B construit dans les ann\u00e9es 2000 sur l\u2019\u00eelot ouest en R+1 sur entresol et deux niveaux en attique est couvert par une terrasse accessible et une terrasse interm\u00e9diaire au niveau de l\u2019attique. La toiture est encombr\u00e9e par des \u00e9quipements CVC, gaines et \u00e9dicules techniques. L\u2019\u00e9tanch\u00e9it\u00e9 est vieillissante occasionnant des probl\u00e8mes d\u2019infiltrations au dernier niveau.<\/span><\/p>\n<p><span style=\"color: #808080;\">Au niveau de la terrasse haute, les probl\u00e8mes d\u2019infiltration sont multiples avec stagnation d\u2019eau aux pieds des \u00e9quipements qui s\u2019infiltre r\u00e9guli\u00e8rement dans les locaux au dessous et les d\u00e9sordres sont importants \u00e0 l\u2019int\u00e9rieur. Le projet, situ\u00e9 en secteur prot\u00e9g\u00e9 au titre du Patrimoine du centre historique de la ville, consiste \u00e0 couvrir la terrasse en pr\u00e9servant une large ventilation sur l\u2019ext\u00e9rieur en s\u2019inscrivant dans le prolongement de l\u2019attique existant, trait\u00e9 en pan de zinc inclin\u00e9 en fa\u00e7ade avec une couverture en bacs acier finition zingu\u00e9e et ch\u00e9neau en zinc.<\/span><\/p>\n<p><span style=\"color: #808080; font-size: 14px;\">La fa\u00e7ade sera prolong\u00e9e \u00e0 l\u2019identique sur la hauteur du comble avec des feuilles de zinc \u00e0 joint debout jusqu\u2019au ch\u00e9neau dispos\u00e9 le long de la ligne de bris. Elle sera largement ouverte par les grilles de ventilation prot\u00e9geant le volume contre la pluie au moyen de lames filantes \u00e9lectrozingu\u00e9es.<\/span><\/p>\n<p><span style=\"color: #808080;\">Les travaux se d\u00e9rouleront en site occup\u00e9 avec une attention particuli\u00e8re \u00e0 porter s\u2019agissant de travaux en hauteur.<\/span><\/p>\n<p>&nbsp;<\/p>\n<p><span style=\"color: #808080;\">\u00a0<\/span><\/p>\n<p>[\/et_pb_text][\/et_pb_column][et_pb_column type=\u00a0\u00bb3_5&Prime; _builder_version=\u00a0\u00bb4.27.5&Prime; _module_preset=\u00a0\u00bbdefault\u00a0\u00bb transform_translate_linked=\u00a0\u00bboff\u00a0\u00bb transform_origin=\u00a0\u00bb0%|50%\u00a0\u00bb global_colors_info=\u00a0\u00bb{}\u00a0\u00bb][et_pb_image src=\u00a0\u00bbhttps:\/\/e-fouche.fr\/wp-content\/uploads\/2026\/08\/IMG_20250512_165827048_HDR.jpg\u00a0\u00bb title_text=\u00a0\u00bbhdr\u00a0\u00bb _builder_version=\u00a0\u00bb4.27.5&Prime; _module_preset=\u00a0\u00bbdefault\u00a0\u00bb width=\u00a0\u00bb100%\u00a0\u00bb hover_enabled=\u00a0\u00bb0&Prime; global_colors_info=\u00a0\u00bb{}\u00a0\u00bb sticky_enabled=\u00a0\u00bb0&Prime;][\/et_pb_image][et_pb_image src=\u00a0\u00bbhttps:\/\/e-fouche.fr\/wp-content\/uploads\/2026\/08\/IMG_20250512_170125932_HDR.jpg\u00a0\u00bb title_text=\u00a0\u00bbhdr\u00a0\u00bb _builder_version=\u00a0\u00bb4.27.5&Prime; _module_preset=\u00a0\u00bbdefault\u00a0\u00bb width=\u00a0\u00bb100%\u00a0\u00bb hover_enabled=\u00a0\u00bb0&Prime; global_colors_info=\u00a0\u00bb{}\u00a0\u00bb sticky_enabled=\u00a0\u00bb0&Prime;][\/et_pb_image][et_pb_image src=\u00a0\u00bbhttps:\/\/e-fouche.fr\/wp-content\/uploads\/2026\/08\/MTQ_Toit_Existant.jpg\u00a0\u00bb title_text=\u00a0\u00bbMTQ_Toit_Existant\u00a0\u00bb _builder_version=\u00a0\u00bb4.27.5&Prime; _module_preset=\u00a0\u00bbdefault\u00a0\u00bb width=\u00a0\u00bb100%\u00a0\u00bb hover_enabled=\u00a0\u00bb0&Prime; global_colors_info=\u00a0\u00bb{}\u00a0\u00bb sticky_enabled=\u00a0\u00bb0&Prime;][\/et_pb_image][et_pb_image src=\u00a0\u00bbhttps:\/\/e-fouche.fr\/wp-content\/uploads\/2026\/08\/MTQ_Toit_Projet.jpg\u00a0\u00bb title_text=\u00a0\u00bbMTQ_Toit_Projet\u00a0\u00bb _builder_version=\u00a0\u00bb4.27.5&Prime; _module_preset=\u00a0\u00bbdefault\u00a0\u00bb width=\u00a0\u00bb100%\u00a0\u00bb hover_enabled=\u00a0\u00bb0&Prime; global_colors_info=\u00a0\u00bb{}\u00a0\u00bb sticky_enabled=\u00a0\u00bb0&Prime;][\/et_pb_image][\/et_pb_column][\/et_pb_row][\/et_pb_section]<\/p>\n","protected":false},"excerpt":{"rendered":"<p>Ma\u00eetre d\u2019Ouvrage : C.R. Nouvelle-Aquitaine Contenu de la mission : R\u00e9fection de toitures au lyc\u00e9e Montesquieu, Bordeaux\u00a0 Surface r\u00e9habilit\u00e9e : 890m\u00b2 Montant des travaux : 280\u00a0K\u20ac HT Livraison : fin 2026 ( PRO en cours) Particularit\u00e9 du projet Cr\u00e9ation d\u2019une sur-toiture en structure m\u00e9tallique sur terrasse technique haute Intervention en hauteur en milieu urbain dense [&hellip;]<\/p>\n","protected":false},"author":2,"featured_media":0,"comment_status":"open","ping_status":"closed","template":"","meta":{"_et_pb_use_builder":"on","_et_pb_old_content":"","_et_gb_content_width":"","footnotes":""},"project_category":[],"project_tag":[],"class_list":["post-1084","project","type-project","status-publish","hentry"],"_links":{"self":[{"href":"https:\/\/e-fouche.fr\/index.php\/wp-json\/wp\/v2\/project\/1084","targetHints":{"allow":["GET"]}}],"collection":[{"href":"https:\/\/e-fouche.fr\/index.php\/wp-json\/wp\/v2\/project"}],"about":[{"href":"https:\/\/e-fouche.fr\/index.php\/wp-json\/wp\/v2\/types\/project"}],"author":[{"embeddable":true,"href":"https:\/\/e-fouche.fr\/index.php\/wp-json\/wp\/v2\/users\/2"}],"replies":[{"embeddable":true,"href":"https:\/\/e-fouche.fr\/index.php\/wp-json\/wp\/v2\/comments?post=1084"}],"version-history":[{"count":3,"href":"https:\/\/e-fouche.fr\/index.php\/wp-json\/wp\/v2\/project\/1084\/revisions"}],"predecessor-version":[{"id":1088,"href":"https:\/\/e-fouche.fr\/index.php\/wp-json\/wp\/v2\/project\/1084\/revisions\/1088"}],"wp:attachment":[{"href":"https:\/\/e-fouche.fr\/index.php\/wp-json\/wp\/v2\/media?parent=1084"}],"wp:term":[{"taxonomy":"project_category","embeddable":true,"href":"https:\/\/e-fouche.fr\/index.php\/wp-json\/wp\/v2\/project_category?post=1084"},{"taxonomy":"project_tag","embeddable":true,"href":"https:\/\/e-fouche.fr\/index.php\/wp-json\/wp\/v2\/project_tag?post=1084"}],"curies":[{"name":"wp","href":"https:\/\/api.w.org\/{rel}","templated":true}]}}

<p>[et_pb_section fb_built= »1&Prime; _builder_version= »4.27.5&Prime; _module_preset= »default » background_color= »#000000&Prime; background_enable_image= »off » custom_padding= »0px||0px||| » global_colors_info= »{} »][et_pb_row make_equal= »on » _builder_version= »4.27.5&Prime; _module_preset= »default » background_color= »RGBA(255,255,255,0) » width= »100% » max_width= »1105px » module_alignment= »center » custom_margin= »|-175px||536px|| » custom_padding= »||22px||| » global_colors_info= »{} »][et_pb_column type= »4_4&Prime; _builder_version= »4.27.5&Prime; _module_preset= »default » global_colors_info= »{} »][et_pb_heading title= »LYCEE %22MONTESQUIEU%22&Prime; _builder_version= »4.27.5&Prime; _module_preset= »default » title_text_color= »#FFFFFF » custom_padding= »0px||0px||| » hover_enabled= »0&Prime; global_colors_info= »{} » sticky_enabled= »0&Prime;][/et_pb_heading][/et_pb_column][/et_pb_row][/et_pb_section][et_pb_section fb_built= »1&Prime; _builder_version= »4.27.5&Prime; _module_preset= »default » background_color= »RGBA(255,255,255,0) » background_enable_image= »off » custom_padding= »0px||0px||| » global_colors_info= »{} »][et_pb_row column_structure= »2_5,3_5&Prime; make_equal= »on » _builder_version= »4.27.5&Prime; _module_preset= »default » background_color= »#FFFFFF » width= »100% » max_width= »1105px » module_alignment= »center » custom_margin= »|-175px||536px|| » custom_padding= »||53px||| » global_colors_info= »{} »][et_pb_column type= »2_5&Prime; _builder_version= »4.27.5&Prime; _module_preset= »default » global_colors_info= »{} »][et_pb_text _builder_version= »4.27.5&Prime; _module_preset= »default » text_text_color= »rgba(255,255,255,0.85) » width= »91.8% » custom_padding= »|5px|30px|9px|| » global_colors_info= »{} » min_height= »261.6px »]</p>
<p><span style="color: #808080;"><b>Maître d’Ouvrage : </b></span></p>
<p><span style="color: #808080;">C.R. Nouvelle-Aquitaine<br /></span></p>
<p><span style="color: #808080;"><b>Contenu de la mission :</b></span></p>
<p><span style="color: #808080;">Réfection de toitures au lycée Montesquieu, Bordeaux</span> </p>
<p><span style="color: #808080;"><strong>Surface réhabilitée :</strong> 890m²</span></p>
<p><b style="color: #808080; font-size: 14px;">Montant des travaux : </b><span style="color: #808080;">280</span><span style="color: #808080; font-size: 14px;"> K€ HT</span></p>
<p><span style="color: #808080;"><b>Livraison : </b>fin 2026 ( PRO en cours)</span></p>
<p>[/et_pb_text][et_pb_text _builder_version= »4.27.5&Prime; _module_preset= »default » text_text_color= »rgba(255,255,255,0.85) » background_color= »#000000&Prime; width= »91.8% » custom_margin= »19px||||| » custom_padding= »|5px|0px|9px|| » global_colors_info= »{} »]</p>
<h2><span style="color: #ffffff;"></span></h2>
<h2><span style="color: #ffffff;">Particularité du projet </span></h2>
<ul>
<li>
<p>Création d’une sur-toiture en structure métallique sur terrasse technique haute</p>
</li>
<li>
<p>Intervention en hauteur en milieu urbain dense et en Site Occupé</p>
</li>
<li>
<p>Secteur de protection du Patrimoine de Bordeaux-centre<span style="font-size: 14px;"> </span></p>
</li>
</ul>
<p>[/et_pb_text][et_pb_text _builder_version= »4.27.5&Prime; _module_preset= »default » text_text_color= »rgba(255,255,255,0.85) » width= »91.8% » custom_margin= »35px||||| » custom_padding= »|5px|30px|9px|| » global_colors_info= »{} »]</p>
<p><span style="color: #808080;">Le lycée Montesquieu à BORDEAUX situé dans le quartier du Jardin Public à Bordeaux. Les bâtiments sont implantés sur deux îlots séparés reliés par une passerelle. le bâtiment B construit dans les années 2000 sur l’îlot ouest en R+1 sur entresol et deux niveaux en attique est couvert par une terrasse accessible et une terrasse intermédiaire au niveau de l’attique. La toiture est encombrée par des équipements CVC, gaines et édicules techniques. L’étanchéité est vieillissante occasionnant des problèmes d’infiltrations au dernier niveau.</span></p>
<p><span style="color: #808080;">Au niveau de la terrasse haute, les problèmes d’infiltration sont multiples avec stagnation d’eau aux pieds des équipements qui s’infiltre régulièrement dans les locaux au dessous et les désordres sont importants à l’intérieur. Le projet, situé en secteur protégé au titre du Patrimoine du centre historique de la ville, consiste à couvrir la terrasse en préservant une large ventilation sur l’extérieur en s’inscrivant dans le prolongement de l’attique existant, traité en pan de zinc incliné en façade avec une couverture en bacs acier finition zinguée et chéneau en zinc.</span></p>
<p><span style="color: #808080; font-size: 14px;">La façade sera prolongée à l’identique sur la hauteur du comble avec des feuilles de zinc à joint debout jusqu’au chéneau disposé le long de la ligne de bris. Elle sera largement ouverte par les grilles de ventilation protégeant le volume contre la pluie au moyen de lames filantes électrozinguées.</span></p>
<p><span style="color: #808080;">Les travaux se dérouleront en site occupé avec une attention particulière à porter s’agissant de travaux en hauteur.</span></p>
<p>&nbsp;</p>
<p><span style="color: #808080;"> </span></p>
<p>[/et_pb_text][/et_pb_column][et_pb_column type= »3_5&Prime; _builder_version= »4.27.5&Prime; _module_preset= »default » transform_translate_linked= »off » transform_origin= »0%|50% » global_colors_info= »{} »][et_pb_image src= »https://e-fouche.fr/wp-content/uploads/2026/08/IMG_20250512_165827048_HDR.jpg » title_text= »hdr » _builder_version= »4.27.5&Prime; _module_preset= »default » width= »100% » hover_enabled= »0&Prime; global_colors_info= »{} » sticky_enabled= »0&Prime;][/et_pb_image][et_pb_image src= »https://e-fouche.fr/wp-content/uploads/2026/08/IMG_20250512_170125932_HDR.jpg » title_text= »hdr » _builder_version= »4.27.5&Prime; _module_preset= »default » width= »100% » hover_enabled= »0&Prime; global_colors_info= »{} » sticky_enabled= »0&Prime;][/et_pb_image][et_pb_image src= »https://e-fouche.fr/wp-content/uploads/2026/08/MTQ_Toit_Existant.jpg » title_text= »MTQ_Toit_Existant » _builder_version= »4.27.5&Prime; _module_preset= »default » width= »100% » hover_enabled= »0&Prime; global_colors_info= »{} » sticky_enabled= »0&Prime;][/et_pb_image][et_pb_image src= »https://e-fouche.fr/wp-content/uploads/2026/08/MTQ_Toit_Projet.jpg » title_text= »MTQ_Toit_Projet » _builder_version= »4.27.5&Prime; _module_preset= »default » width= »100% » hover_enabled= »0&Prime; global_colors_info= »{} » sticky_enabled= »0&Prime;][/et_pb_image][/et_pb_column][/et_pb_row][/et_pb_section]</p>

<p>Maître d’Ouvrage : C.R. Nouvelle-Aquitaine Contenu de la mission : Réfection de toitures au lycée Montesquieu, Bordeaux  Surface réhabilitée : 890m² Montant des travaux : 280 K€ HT Livraison : fin 2026 ( PRO en cours) Particularité du projet Création d’une sur-toiture en structure métallique sur terrasse technique haute Intervention en hauteur en milieu urbain dense [&hellip;]</p>
